
5
Let i(w) be the second derivative of w**4/12 + 4*w**3/3 + w. Calculate i(-7).
-7
Let x(w) = -w**2 - 8*w**2 + 41 - 40. What is x(1)?
-8
Let k = -28 + 32. Let a be 18/8 + (-3)/12. Let j(s) = -6*s + 5*s**2 - 2 + s - 4*s**a. Determine j(k).
-6
Suppose 2*w = -0*d - d - 17, -d + 4*w - 11 = 0. Let k = d - -9. Let r(u) = -u - 8. Determine r(k).
-2
Suppose 2*x - 48 = -2*a, 0 = -3*x - 0*a + 5*a + 40. Suppose 3*i + 2*b = 3*b + x, 4*i - 22 = -b. Let m(k) = k**2 - 5*k - 7. Give m(i).
-1
Let x(q) be the third derivative of q**5/60 - q**4/6 - q**3/2 + q**2. Suppose -3*o + 3*t + 10 = -5, -13 = -4*o - 3*t. Give x(o).
-3
Let l(r) = r**3 - 2*r**2 - 2*r - 1. Let h = 26 - 46. Let o = 9 + h. Let v = -8 - o. Give l(v).
2
Let x(j) = -j**3 - 4*j**2 - 2*j - 1. Let y = 6 - 8. Let o be ((-4)/8*4)/2. Let v be (0/o)/2 + y. What is x(v)?
-5
Suppose 4*q = q. Let y(i) = i**3 + i**2 + i + 2. Give y(q).
2
Let r(b) = -5*b**2 - 2*b + 14. Let z(n) = n**2 + n - 2. Let t(k) = r(k) + 6*z(k). Let p = -1 - 3. Calculate t(p).
2
Let l = -267 + 6409/24. Let t(i) be the third derivative of 0 + 0*i + l*i**4 + 1/60*i**5 - 1/6*i**3 + 1/120*i**6 - 2*i**2. Determine t(-2).
-7
Let r(h) = -h**3 + 3*h + 4. Let m be (-9)/(-6)*2/1. Give r(m).
-14
Let q(l) = -l**2 - 7*l - 5. Suppose -15 = 3*t - v, t + 2*v = -2*v + 8. Give q(t).
7
Suppose -2*m = 4*k - 22, -4*k + 5*m = -k - 49. Let o(q) = -2 - 9*q - 5 + k*q. What is o(-6)?
-1
Let j(x) be the second derivative of x**4/24 + x**3/2 + x**2/2 - 5*x. Let t(z) be the first derivative of j(z). Calculate t(5).
8
Let p(z) be the first derivative of z**2/2 + 3*z - 1. Let q(x) = x**2 - 6*x + 5. Let a = 4 - 0. Let m be q(a). Determine p(m).
0
Suppose 2*x = -x - 3*a - 6, 0 = 4*a + 4. Let p(y) = -y - 1. Determine p(x).
0
Let u(c) = -c**3 + 6*c**2 - 5*c + 3. Suppose 4*v = s + 4*s - 65, v = 4*s - 30. Let k = v - -15. Calculate u(k).
3
Let x(n) = -n + 8. Let f = 10 + -3. Let v be x(f). Let z(a) = 3 - v - a - 2*a. What is z(2)?
-4
Let r(d) be the third derivative of -1/120*d**6 + 3*d**2 - 1/20*d**5 + 1/24*d**4 + 0 + 1/6*d**3 + 0*d. Determine r(-3).
-2
Let s(c) = 2*c**2 + 5*c - 3*c**2 + 3 - 7. Suppose -5*p = -2*j - 19, -4*p + 9*p = j + 17. Let t be (3 + -1 - p)*-5. Give s(t).
-4
Suppose 4*q - 40 = 8*q. Let r be (-1 - (-7)/5)*q. Let t(m) = -2*m**2 - 6*m. Give t(r).
-8
Suppose 3*k - 3*f + 7 - 22 = 0, -5*k + 3*f = -15. Let s(c) = c - 3. Determine s(k).
-3
Suppose 3*m + s - 4 = 0, 5*m = 2*s + 2*s + 18. Let b be m + -1 + -2 - 1. Let h(w) = -2*w. Determine h(b).
4
Let p = 24 - 23. Let q(b) = 10*b**2 + b - 1. Calculate q(p).
10
Let m(n) = 11*n**2. Let s(i) be the third derivative of i**4/24 - 7*i**3/6 - i**2. Let a be s(6). What is m(a)?
11
Let n(m) = -5*m + 2. Let f(s) = 36*s - 15. Let p(i) = -2*f(i) - 15*n(i). What is p(-5)?
-15
Suppose -j + 20 = l + 3*l, -3*l = -5*j + 54. Suppose s - 5*s + j = 0. Let q(z) be the first derivative of z**3/3 - 2*z**2 + 1. Give q(s).
-3
Let c(n) be the second derivative of -n**5/20 - n**4/2 + n**3/6 + 3*n**2 + 4*n. Let y(b) = -2*b**2 - 2*b + 6. Let v be y(-3). Determine c(v).
0
Let l(i) = -i**3 + 6*i**2 - 6*i - 3. Let j = 1 + 2. Suppose 2*r - 2 = v - 0*v, -2*v - 4 = -j*r. Let h be 6 + (-2)/2 + r. What is l(h)?
-8
Let i(r) be the first derivative of -2*r**2 - 2*r - 2. Suppose -4*q = -0*q + s + 23, 0 = -4*s - 12. Let m = 3 + q. Calculate i(m).
6
Suppose 4*d + 5 = 1. Let a(b) = b - 1. Let p(t) = -5*t + 5. Let g(c) = 14*c - 14. Let y(w) = -4*g(w) - 11*p(w). Let i(s) = 4*a(s) + 5*y(s). Give i(d).
2
Let q(h) = h**3 + 7*h**2 + 4*h - 2. Let b(m) = -m**3 - 8*m**2 - 4*m + 3. Let v(d) = -4*b(d) - 5*q(d). Suppose 0 = -5*n + 3*n - 4. Determine v(n).
2
Let h = 26 + -6. Let o = h - 21. Let u(t) = -5*t**3 - 2*t**2 - 2*t - 1. Determine u(o).
4
Suppose -2*p = -0*p - 12. Suppose -2*z + p = -5*z. Let w(s) = s - 2. Let u be w(z). Let n(f) = f + 5. Calculate n(u).
1
Let u(i) = -i**2 + 4*i - 2. Let z be u(4). Let v(w) = -8*w. Calculate v(z).
16
Suppose 6*x = x + 10. Suppose 0 = 3*c + 6, 0 = 5*i - x*c + c - 27. Let f(o) = 5*o - 9. Let l(z) = -z + 2. Let j(v) = -2*f(v) - 9*l(v). What is j(i)?
-5
Let z(y) = -y - y + 2 + y. Suppose 5*x + f + 5 + 1 = 0, 4*x + 20 = 3*f. Give z(x).
4
Let y(q) = -q - 8. Let a be -2 + (5/(-2))/(4/8). Give y(a).
-1
Let r(k) be the second derivative of -2*k**3/3 + k**2 + 7*k. What is r(2)?
-6
Let y(a) = a**3 - 5*a**2 + a - 1. Let r be y(5). Let f(k) be the third derivative of k**6/120 - k**5/10 + 7*k**4/24 - k**3 - 2*k**2. What is f(r)?
-10
Let q(t) be the first derivative of -t**5/120 + t**4/8 + t**3 + 6. Let a(d) be the third derivative of q(d). Calculate a(-3).
6
Let q(u) = -u**3 - 4*u**2 + 6*u + 3. Let j be 2/7 - 107/7. Let y be j/(-3)*(1 - 2). Give q(y).
-2
Let k(r) = 2*r. Let j(g) = 2*g. Let u(p) = 5*j(p) - 6*k(p). Let y = 2 - 1. What is u(y)?
-2
Suppose 0 = 2*g + g - 9. Let f(a) = 6*a - 3*a**2 - g - 1 - 2*a + 2*a**3 + 1. Determine f(2).
9
Let y(s) be the second derivative of -s**5/20 - s**4/3 + s**2 + s. Let j = 3 - -1. Suppose 3*c - j = 4*c. Give y(c).
2
Let w(o) be the third derivative of o**7/2520 + o**5/120 - o**4/8 + 2*o**2. Let p(d) be the second derivative of w(d). Give p(2).
5
Let h = -1 - 3. Let u = 0 + h. Let g(s) = -s**3 - 5*s**2 - 5*s - 1. Give g(u).
3
Let g(v) be the first derivative of v**3/3 + 3*v**2/2 + 2*v - 69. What is g(-6)?
20
Let x = -2 - -8. Let v(t) = x*t + 7 - 4*t**2 + 5*t**2 + 0*t**2. Give v(-5).
2
Let p(y) be the first derivative of y**3/3 + 5*y**2/2 - 7*y - 1. Let m be 2*(15/6 - 0). Suppose -m*g - u - 29 = 0, -5*g + 1 - 22 = -u. Calculate p(g).
-7
Let g(j) = j**2 + 2*j + 1. Suppose 4*u = u - 3. Let x(q) = -q**2 - q. Let w(a) = u*g(a) - 2*x(a). Let d be ((-4)/2)/(-1 + -1). What is w(d)?
0
Suppose 0 = -7*j + 5 - 5. Let o(t) = t - 16. Determine o(j).
-16
Let a be (6 - 0)*(-4)/(-6). Let m(q) = q**2 - 2*q**2 - 14 + a*q**3 + 13 + 3*q**3 + q. What is m(1)?
6
Suppose w = -3*d + 73, -d - 2*w + 0*w = -31. Suppose -d = -4*z + l - 2*l, 2*l - 11 = -z. Let m(y) = -7 - 2*y - y**2 + 3*y + 5*y. What is m(z)?
-2
Let m(z) be the second derivative of 1/3*z**3 + 0 - z**2 - 2*z. Determine m(-4).
-10
Let b(c) be the second derivative of c**4/12 - c**3/3 - c**2 + 15*c. Let n = 1 + -3. Determine b(n).
6
Let f(m) be the first derivative of 2 + 0*m**3 + 1/2*m**2 + 5*m - 1/4*m**4. What is f(0)?
5
Let z(j) = 10*j**2 - 1 - 10*j**2 - j + 8*j**3. Determine z(-1).
-8
Let z(r) be the first derivative of r**4/4 + 5*r**3/3 - 7*r**2/2 - 8. Calculate z(-6).
6
Let g(c) = 2*c**2 - 5*c. Let b(w) = 5*w**2 - 11*w - 1. Let y(k) = -3*b(k) + 7*g(k). Give y(-3).
0
Let a(u) = -3 + 3*u - u + 0. Let c = 86 + -89. Calculate a(c).
-9
Let j(a) = a + 4. Let h be j(-2). Let s(m) = -2*m - 4. Let x be s(-5). Let f(t) = t - 3*t - 4*t - t**3 - x*t**h + 1. Determine f(-5).
6
Let v(g) = -4*g + 3. Let s be v(5). Let w(c) = 15*c**3 - 3*c**2 - 3*c + 3. Let h(x) = 5*x**3 - x**2 - x + 1. Let a(j) = s*h(j) + 6*w(j). Calculate a(1).
4
Let x be (2 - -1) + (-2 - -1). Let o(v) = 2*v**2 - 4*v**x + 3*v**2 - 2. Determine o(0).
-2
Let v(i) = -i**3 - i**2 - i. Let r(m) = -2*m**3 + m. Let t be r(1). Let x(a) = -7*a**2 + 5*a - 6. Let y(p) = t*v(p) + x(p). What is y(5)?
-1
Let y(o) be the second derivative of -o**5/20 + 2*o**4/3 - o**3/6 + 11*o**2/2 + 12*o. Determine y(8).
3
Suppose 4*c - 5*i = -10 + 32, 3*c - 4*i = 17. Let x = c - 0. Let u(s) = -2*s. Give u(x).
-6
Let q(w) = -5*w**2 - 17*w + 18. Let d(j) = -2*j**2 - 6*j + 6. Let u(b) = 8*d(b) - 3*q(b). Determine u(3).
-6
Let w(m) = 5*m + 1. Let a be w(-1). Let q = -1 - a. Let r(p) = 3*p + 3. Calculate r(q).
12
Suppose -2*d = -y + 4, 0*y = 3*y - 4*d - 4. Let u(j) = -8*j + 32. Let n(q) = -3*q + 11. Let l(f) = -17*n(f) + 6*u(f). Calculate l(y).
-7
Let c(d) = d**3 - 8*d**2 - 9*d - 2. Suppose 3*l = -0*l + 27. Let z be c(l). Let j(v) = -v**3 - 3*v**2 - 3*v - 3. Determine j(z).
-1
Let b(p) be the first derivative of 3*p**2 - 1/3*p**3 + 4 - 3*p. Let c = 0 + 5. Give b(c).
2
Let g(z) = -12 + 33 - 16 + z. Give g(-9).
-4
Let k(h) be the third derivative of 1/360*h**6 + 1/60*h**5 - 3*h**2 + 0*h + 0 - 1/24*h**4 + 1/3*h**3. Let v(x) be the first derivative of k(x). What is v(-4)?
7
Let x(v) = v**2 - 3*v - 6. Let g be x(5). Let f(c) = c**3 - 4*c**2 + 3*c - 5. Let i be f(g). Let h = i - 12. Let m(o) = 3*o + 6. Give m(h).
-9
Suppose 0 = 3*m + 7 + 5.